is the hundred thousands digit of 160485?
1
What is the units digit of 392?
2
What is the tens digit of 66701?
0
What is the tens digit of 4882?
8
What is the units digit of 16181?
1
What is the units digit of 76170?
0
What is the units digit of 68468?
8
What is the units digit of 753?
3
What is the units digit of 92274?
4
What is the units digit of 1299?
9
What is the tens digit of 504?
0
What is the tens digit of 2042?
4
What is the units digit of 2945?
5
What is the units digit of 3650?
0
What is the units digit of 102242?
2
What is the thousands digit of 2884?
2
What is the thousands digit of 4298?
4
What is the thousands digit of 107030?
7
What is the tens digit of 727?
2
What is the units digit of 255?
5
What is the hundreds digit of 11685?
6
What is the ten thousands digit of 12053?
1
What is the tens digit of 3582?
8
What is the hundreds digit of 5621?
6
What is the tens digit of 19763?
6
What is the thousands digit of 1809?
1
What is the tens digit of 6788?
8
What is the units digit of 75553?
3
What is the tens digit of 67220?
2
What is the units digit of 40139?
9
What is the thousands digit of 1180?
1
What is the hundreds digit of 235?
2
What is the tens digit of 134935?
3
What is the ten thousands digit of 35421?
3
What is the units digit of 832?
2
What is the hundreds digit of 16244?
2
What is the units digit of 2893?
3
What is the hundreds digit of 2672?
6
What is the ten thousands digit of 56030?
5
What is the thousands digit of 4037?
4
What is the hundreds digit of 480?
4
What is the units digit of 8156?
6
What is the tens digit of 1779?
7
What is the tens digit of 846?
4
What is the hundreds digit of 5229?
2
What is the hundreds digit of 22640?
6
What is the thousands digit of 6721?
6
What is the ten thousands digit of 15349?
1
What is the units digit of 535?
5
What is the tens digit of 1477?
7
What is the units digit of 787?
7
What is the thousands digit of 41321?
1
What is the thousands digit of 4011?
4
What is the thousands digit of 1642?
1
What is the ten thousands digit of 37629?
3
What is the tens digit of 1767?
6
What is the thousands digit of 98165?
8
What is the thousands digit of 45854?
5
What is the ten thousands digit of 80699?
8
What is the tens digit of 14665?
6
What is the units digit of 2326?
6
What is the thousands digit of 3526?
3
What is the units digit of 2244?
4
What is the hundreds digit of 690?
6
What is the thousands digit of 1053?
1
What is the units digit of 19153?
3
What is the units digit of 69962?
2
What is the thousands digit of 1102?
1
What is the hundreds digit of 13127?
1
What is the hundreds digit of 140127?
1
What is the hundreds digit of 1780?
7
What is the tens digit of 113104?
0
What is the hundreds digit of 107?
1
What is the ten thousands digit of 13828?
1
What is the tens digit of 319?
1
What is the units digit of 10809?
9
What is the thousands digit of 9766?
9
What is the hundreds digit of 1780?
7
What is the tens digit of 44030?
3
What is the units digit of 20284?
4
What is the hundreds digit of 328?
3
What is the thousands digit of 2122?
2
What is the tens digit of 2539?
3
What is the units digit of 3552?
2
What is the units digit of 146579?
9
What is the hundreds digit of 23697?
6
What is the tens digit of 13583?
8
What is the units digit of 79000?
0
What is the thousands digit of 4042?
4
What is the units digit of 3392?
2
What is the hundreds digit of 14103?
1
What is the ten thousands digit of 21369?
2
What is the thousands digit of 5490?
5
What is the hundreds digit of 3398?
3
What is the units digit of 60118?
8
What is the thousands digit of 2331?
2
What is the hundreds digit of 885?
8
What is the hundreds digit of 5341?
3
What is the hundreds digit of 2262?
2
What is the units digit of 1613?
3
What is the tens digit of 1205?
0
What is the hundreds digit of 2893?
8
What is the ten thousands digit of 107449?
0
What is the hundred thousands digit of 108752?
1
What is the tens digit of 1024?
2
What is the tens digit of 1759?
5
What is the hundreds digit of 3750?
7
What is the tens digit of 3086?
8
What is the thousands digit of 10426?
0
What is the tens digit of 760?
6
What is the tens digit of 8025?
2
What is the tens digit of 8130?
3
What is the hundreds digit of 7290?
2
What is the tens digit of 21291?
9
What is the tens digit of 2074?
7
What is the units digit of 7776?
6
What is the units digit of 55993?
3
What is the hundreds digit of 1287?
2
What is the tens digit of 15910?
1
What is the hundred thousands digit of 154187?
1
What is the tens digit of 819?
1
What is the thousands digit of 4146?
4
What is the hundreds digit of 32171?
1
What is the hundreds digit of 1672?
6
What is the hundreds digit of 22196?
1
What is the thousands digit of 4014?
4
What is the tens digit of 4681?
8
What is the units digit of 27387?
7
What is the thousands digit of 5244?
5
What is the hundreds digit of 5447?
4
What is the units digit of 495?
5
What is the hundreds digit of 2220?
2
What is the hundreds digit of 7070?
0
What is the units digit of 1235?
5
What is the units digit of 9606?
6
What is the hundreds digit of 23831?
8
What is the tens digit of 1486?
8
What is the tens digit of 943?
4
What is the units digit of 683?
3
What is the ten thousands digit of 11716?
1
What is the hundreds digit of 2895?
8
What is the units digit of 16162?
2
What is the hundreds digit of 6305?
3
What is the hundreds digit of 2119?
1
What is the hundreds digit of 2083?
0
What is the units digit of 9466?
6
What is the hundred thousands digit of 102011?
1
What is the units digit of 5799?
9
What is the units digit of 4432?
2
What is the tens digit of 38655?
5
What is the units digit of 139?
9
What is the tens digit of 3818?
1
What is the ten thousands digit of 13300?
1
What is the units digit of 7669?
9
What is the thousands digit of 1414?
1
What is the hundreds digit of 7823?
8
What is the units digit of 34290?
0
What is the tens digit of 51339?
3
What is the tens digit of 36?
3
What is the hundreds digit of 533?
5
What is the units digit of 1643?
3
What is the ten thousands digit of 13709?
1
What is the hundreds digit of 8010?
0
What is the units digit of 132?
2
What is the hundreds digit of 2044?
0
What is the hundreds digit of 435?
4
What is the hundreds digit of 14176?
1
What is the tens digit of 15343?
4
What is the thousands digit of 6210?
6
What is the hundreds digit of 2342?
3
What is the thousands digit of 5907?
5
What is the tens digit of 2427?
2
What is the thousands digit of 3409?
3
What is the tens digit of 2016?
1
What is the ten thousands digit of 55276?
5
What is the units digit of 760?
0
What is the tens digit of 440?
4
What is the tens digit of 579?
7
What is the hundreds digit of 2584?
5
What is the tens digit of 558?
5
What is the tens digit of 31445?
4
What is the units digit of 895?
5
What is the hundreds digit of 6406?
4
What is the tens digit of 3748?
4
What is the units digit of 8?
8
What is the ten thousands digit of 53396?
5
What is the thousands digit of 23945?
3
What is the tens digit of 74?
7
What is the units digit of 290?
0
What is the hundreds digit of 100971?
9
What is the thousands digit of 16689?
6
What is the units digit of 1556?
6
What is the units digit of 9460?
0
What is the thousands digit of 1080?
1
What is the tens digit of 3940?
4
What is the ten thousands digit of 10885?
1
What is the thousands digit of 48433?
8
What is the hundreds digit of 499?
4
What is the tens digit of 2863?
6
What is the ten thousands digit of 71418?
7
What is the hundreds digit of 1349?
3
What is the tens digit of 3410?
1
What is the ten thousands digit of 20387?
2
What is the tens digit of 61293?
9
What is the units digit of 15805?
5
What is the units digit of 431?
1
What is the thousands digit of 23666?
3
What is the units digit of 379?
9
What is the hundreds digit of 1533?
5
What is the units digit of 8881?
1
What is the units digit of 2693?
3
What is the tens digit of 14729?
2
What is the hundreds digit of 43996?
9
What is the thousands digit of 2214?
2
What is the hundreds digit of 1338?
3
What is the hundreds digit of 14494?
4
What is the hundreds digit of 1021?
0
What is the tens digit of 1307?
0
What is the hundreds digit of 4814?
8
What is the tens digit of 597?
9
What is the thousands 